?
27
Suppose 1211 = -5*a + 2*x, 2*a - x = -3*x - 490. Let h = a - -258. Calculate the greatest common divisor of 15 and h.
15
Suppose -14*h + 26924 = 6176. Suppose 0 = -7*l - 268 - h. Let k be ((-6)/5)/(5/l). Calculate the greatest common factor of k and 36.
12
Suppose 4*l - l + 2436 = 2*h, -2*h + 2426 = 2*l. What is the greatest common factor of h and 270?
135
Let r(o) = -o**2 + 7*o**2 + 9*o**2 + 33*o - 3*o**2 - o**3 - 29. Let y be r(14). Calculate the greatest common factor of 287 and y.
41
Let p be (14 - -34)/(3*3/(-60)). Let h = p - -1060. Calculate the greatest common factor of h and 20.
20
Suppose -15*q - 88 = -463. Suppose 0 = 26*l - q*l - 15. What is the greatest common factor of 9 and l?
3
Let j = -5379 + 8324. What is the greatest common factor of 95 and j?
95
Let v be (-45)/(-15)*(-336)/(-36). What is the highest common factor of 3668 and v?
28
Suppose -15 + 40 = -a + 4*w, -5*a + 3*w = 40. Let x be -55*(a/5 + 2/10). What is the greatest common factor of x and 44?
44
Let i = 34673 - 34638. Calculate the greatest common divisor of 51485 and i.
35
Let b be 386/5 + 5*(-9)/225. Let d = b + 131. Let s = 59 - 33. What is the greatest common divisor of s and d?
26
Suppose 0 = -u + 64*a - 61*a + 2494, -2*u - a = -5016. Calculate the highest common factor of u and 14.
14
Let g(b) = -81*b - 94. Let p be g(-14). Let y = -770 + p. Calculate the highest common factor of y and 60.
30
Let k = 515 + 110. Calculate the highest common factor of 1525 and k.
25
Let v = 54 - 52. Let z be 23/v - 4/(-8). Let n(r) = r - 1. Let x be n(5). Calculate the highest common factor of x and z.
4
Let x = 18515 - 18495. What is the greatest common divisor of x and 10460?
20
Let k(u) = -u + 9. Let m be k(0). Suppose -17 = o - m. Let w(r) = -r**3 - 8*r**2 - r - 7. Let z be w(o). Calculate the highest common divisor of z and 9.
1
Let u be -282*(3*1/6)/(-1). Suppose -2*l - u = -3*w - 25, 0 = -3*w + l + 121. What is the greatest common factor of 28 and w?
14
Let d = -12 + 54. Let v = 42 - d. Suppose 20 = -v*r - 5*r, -5*u + 529 = -r. Calculate the greatest common divisor of u and 15.
15
Suppose -2*z + 4*x - 10 = -x, 4*z = 5*x. Suppose -3*q - 740 = -4*t, z*q = 5*t - 366 - 559. What is the highest common divisor of t and 5?
5
Let r(b) = -209*b - 7186. Let g be r(-38). What is the greatest common divisor of g and 234?
18
Suppose -3686*w + 1920 = -3670*w. What is the highest common divisor of w and 1032?
24
Let z(y) = -108*y + 7886. Let m be z(73). Let q = -4 - -8. Suppose q*w + d = 96, w - m*w + 4*d + 24 = 0. Calculate the greatest common factor of 216 and w.
24
Let k be ((-18)/4)/(1/(-6)). Let a be 1/(21/(-9)) + 31445/133. Let o = -227 + a. Calculate the highest common divisor of k and o.
9
Let v(f) = 45 + 10*f + 26 - 3*f - 21. Let j be v(-6). What is the greatest common divisor of 8 and j?
8
Let s = 9 + 1. Let w(q) = -q**2 + 644*q + 649*q + 16 - 1283*q. Let x be w(s). What is the greatest common factor of x and 40?
8
Suppose -3*u + 4*u + 20 = w, -3*u = 15. Let y = 691 + -316. Calculate the greatest common divisor of w and y.
15
Let o be 184/(-10)*25/(-55)*11. What is the greatest common divisor of o and 13248?
92
Let o be (-11)/((-7 - -18)/(-22)). Calculate the highest common divisor of 8888 and o.
22
Let p = 17 - 133. Suppose -4*l - 4*w - 85 = -7*w, 87 = -4*l + w. Let m = l - p. Calculate the greatest common divisor of m and 47.
47
Let q(y) = -y**3 - 40*y**2 - 57*y - 257. Let w be q(-39). What is the greatest common divisor of w and 267?
89
Suppose -135 = -4*l + 49. Let b(s) = 30*s - 5. Let n be 225/90*(-16)/(-10). Let w be b(n). Calculate the highest common divisor of l and w.
23
Let m(z) = 23*z**2 + 138*z - 643. Let c be m(27). What is the highest common divisor of c and 50?
50
Let x = 51 - 60. Let i(d) = -d**3 - 8*d**2 + 5*d + 2. Let l be i(x). Suppose -52 = -5*n + l. Calculate the highest common divisor of 9 and n.
9
Let y(x) = -7*x - 254. Let b be y(-42). Let o be 83 + (6/(-1) - -3). Calculate the highest common factor of o and b.
40
Suppose t = -3, 2*n - 6 - 4 = 2*t. Suppose -n*y = -3*y + 10. Suppose 465 = 226*d - 195*d. Calculate the greatest common factor of d and y.
5
Let y = 3919 + -3739. Calculate the highest common factor of 1620 and y.
180
Let f(p) = 9*p**2 + 3*p**3 + 2*p + 2*p - 2*p**3 - 3*p**2. Let d be f(-4). Suppose 569*n - 581*n = -960. Calculate the highest common factor of d and n.
16
Suppose l + 4*k - 23 = 0, -4*k + 14 = -2*l - 0*l. Suppose l*g - 22 = 26. Calculate the highest common factor of g and 12.
4
Suppose -6*v = r - 7*v - 897, 2*v + 6294 = 7*r. Calculate the greatest common divisor of r and 660.
60
Let g = -10 - -22. Let u be 88 - (2/3)/(8/g). Suppose -5*q = -u - 263. What is the greatest common factor of q and 10?
10
Let x = -2158 + 2168. Let d be (-3 + 2 + 2)/(-1). Let o = d + 3. What is the greatest common divisor of o and x?
2
Let s(p) = -p**2 - 13*p - 1. Suppose 3*z + 12 = z + 4*x, -z - 26 = 2*x. Let n be s(z). Let m = -30 - n. What is the greatest common divisor of m and 95?
19
Let y(q) = 2*q - 3. Let j be y(2). Suppose -3*v = 3*v - 4*v. Let m be (-69)/(-184)*-4*(-2 - v). What is the greatest common divisor of m and j?
1
Let o be (312/16)/((-9)/16)*(-1 + -41). Calculate the highest common factor of o and 637.
91
Suppose -22 + 82 = 12*m. Suppose -3*v - 4 = -2*s, -m*v - 30 = -10*v - 4*s. Calculate the greatest common factor of 25 and v.
1
Let k(p) = -1131*p + 1093. Let t be k(-4). Calculate the highest common divisor of t and 41.
41
Let o be -8*(-301)/252 + 52/117. What is the greatest common factor of 906 and o?
2
Let k be 2/(-9) - (6416/36)/(-1). Let v = 214 - k. Let y be 1 - (-7 + 2) - 2. Calculate the greatest common divisor of y and v.
4
Let v(j) = 2*j**2 - 26*j + 105. Let d be 4 + ((-6)/(-9))/(8/24). Let n be v(d). Let m = -109 - -256. What is the highest common divisor of n and m?
21
Suppose -4*m + 5*m - 466 = -3*y, 0 = -2*m - 4*y + 934. What is the greatest common factor of 737 and m?
67
Suppose 62*j - 5648 - 26332 = 9932. What is the greatest common divisor of j and 416?
52
Let z(g) be the second derivative of 11*g**4/6 - g**3/3 + g. Suppose -40*p + 32 = -24*p. Let l be z(p). What is the greatest common divisor of l and 12?
12
Let k(p) = p**3 + 36*p**2 + 65*p - 44. Let u be k(-34). What is the greatest common divisor of 261 and u?
29
Let w = 3897 - 3483. What is the highest common factor of 450 and w?
18
Suppose -4*m = -2*s - 16 + 84, 3*m = 4*s - 151. Suppose -2*g + 957 = -g. Suppose -3*p = 117 - g. Calculate the greatest common divisor of s and p.
40
Let t(x) = 104*x - 1459. Let s be t(15). What is the highest common factor of 11 and s?
1
Let v be 42/154 - 35700/(-2805). Suppose 0 = -2*r + 3 + 1. Suppose 2*o - 161 = -l, r*o = 5*o + 12. Calculate the highest common divisor of v and l.
13
Let m be 16/6 + (-6169)/(-93) + -7 + 4. Calculate the greatest common factor of m and 4554.
66
Let p be 16/((-208)/143) + 7474. Calculate the highest common divisor of 17 and p.
17
Let u(x) = -14*x + 2. Let k be u(-4). Let c = k - 39. Let r = 59 - c. Calculate the greatest common divisor of r and 8.
8
Let w(v) = 78*v**2 - 13*v - 1. Let u be w(-3). Let a = u - 632. What is the greatest common factor of 27 and a?
27
Suppose 436 = -7*h + 520. Suppose 2*n = -4*t + 8, 5*n + 4*t - 12 = 14. What is the highest common divisor of h and n?
6
Suppose 0 = -121*o + 6985 - 1449 + 5475. What is the greatest common factor of 1469 and o?
13
Let g = -8025 + 12058. What is the highest common factor of g and 111?
37
Suppose 0 = 4*d + 5*n + 29, 3*d - n + 5 = 2*d. Let w be (72/(-10))/(d + 624/105). Calculate the highest common factor of 18 and w.
18
Let u = 16993 - 16931. What is the greatest common divisor of 31 and u?
31
Let i = -9510 - -10027. What is the highest common factor of 1128 and i?
47
Let l be (-2540)/(-60) - (-2)/3. Let x = l + -25. Let v be 182/6 - (3 - -3)/x. Calculate the highest common divisor of v and 6.
6
Let t = -588 + 858. Suppose 1 + 119 = 4*v. Calculate the highest common factor of t and v.
30
Let o = 17755 + -17739. What is the greatest common divisor of o and 2512?
16
Let n(j) = -2*j**3 + 3*j**2 - 3*j + 6. Let v be n(4). Let s = v + 167. Let x = -2957 - -3011. Calculate the greatest common divisor of s and x.
27
Suppose 125*h + 3375 = -1909